d**2 + 30*d + 111. Let r be y(-34). Suppose 25*a = 11483 + r. What is the hundreds digit of a?
3
Let c(x) = x**3 - 7 - x**2 - 5 + x + 15. Let j be c(2). Suppose 2*r = -0*r, v + 3*r - j = 0. What is the units digit of v?
9
What is the thousands digit of -5*193*(18 - 1316/35)?
8
What is the units digit of 6378128/537 - (-1)/(-3)?
7
Let a = -12 - -15. Suppose i = 3*b + 78, -2*i - 3*i + 354 = -a*b. Suppose -3*m + i = -186. What is the units digit of m?
5
Let w be ((-12552)/(-18))/(178/45 + -4). What is the hundreds digit of 3/(-4) - (w/24 - 1)?
6
Let g = 151022 + -100641. What is the tens digit of g?
8
Let x(k) = -8*k**3 - 3*k**2 + 6*k - 1. Let m = 80 + -84. What is the tens digit of x(m)?
3
Let i(u) = -11*u + 354. Suppose q - q = -4*q. What is the tens digit of i(q)?
5
Suppose 3*d - 3*w + 2*w = 6169, 0 = -5*d + w + 10285. Suppose 5*l - d = -248. What is the hundreds digit of l?
3
Suppose -4*b + 20 = 0, -4*r + 6*r - 2*b - 30 = 0. Suppose -11*g = -r*g + 6363. What is the units digit of g?
7
Suppose -4*j + 4 = 0, 2*j - 16180 = -6*u + 26296. What is the thousands digit of u?
7
Let o be 30/(-12) - (-25)/10. What is the hundreds digit of 0 - 4 - o - (-66 + -735)?
7
Let p be 4 + (-2)/(-4)*10/5. Suppose 8*q - 11*q + p*r = -1353, 0 = -2*q - 3*r + 883. What is the units digit of q?
6
Let n = -154 - -282. Let p = 665 - n. What is the units digit of p?
7
Let s(g) = -3*g - 36. Let x be s(-15). What is the units digit of 9543/x - (-36)/(-27)?
9
Suppose s + 5*g = 713 + 648, -4*g = -4*s + 5636. What is the tens digit of s?
0
Let c = -3 + 2. Let h(b) = 177*b**2 + 5*b + 192. Let r(p) = 89*p**2 + 2*p + 114. Let y(x) = 3*h(x) - 5*r(x). What is the units digit of y(c)?
7
Suppose -284736 + 1698 = -46*y. What is the units digit of y?
3
Suppose 3 = -3*x - 24. What is the hundreds digit of 5 + (-80901)/(-81) + (-2)/x?
0
Let g be (-6)/(-4) + 1/2. Suppose 0 = -3*b - 2*f + 183, -108 = -g*b - f + 13. Let a = -11 + b. What is the units digit of a?
8
Let n be (-76)/(-18) - 5*(-14)/(-315). Suppose 5*b = 0, -3*c + 12 = -c - n*b. What is the units digit of (2 + 0)*51/c?
7
Suppose -9 = -3*a - 3*w, a - 3*w + 5*w = 3. Suppose k - 1110 = 3*h, -2*h + 2693 + 604 = a*k. What is the thousands digit of k?
1
Let h(o) = -132*o + 1401. What is the ten thousands digit of h(-91)?
1
Suppose 7*r + 5*j = 6*r - 38, 3*r + 3*j + 150 = 0. Suppose 2*z + 2*g = 5*z - 399, 3*z - 393 = 4*g. Let o = z + r. What is the tens digit of o?
8
Suppose 0 = -v - o, -6*o + 11*o = v - 12. Suppose -c - 652 = -v*g - 178, g - 231 = -c. What is the hundreds digit of g?
2
Let p(r) = r**3 + 138*r**2 - 324*r + 489. What is the units digit of p(-140)?
9
Suppose 5 = -x + 122. Let p = x - -37. What is the hundreds digit of p?
1
Suppose -d + 4*r = d - 48, r = -d + 21. Suppose 3*v = 2*w - 375, 6 + 369 = -3*v - w. Let k = d - v. What is the hundreds digit of k?
1
Let k(q) = 2*q - 42. Let t be k(19). Let b be 15*(24/(-15))/t. Suppose b*y - 102 = 288. What is the tens digit of y?
6
Let w = -75 - -80. Suppose 422 = w*i - j, 3*i - 3*j - 246 = -0*i. Suppose 2*u - 188 = -5*x, i = u - 5*x + 21. What is the units digit of u?
4
Suppose 0 = -4*s + z + 27015 - 5624, z = 2*s - 10693. What is the units digit of s?
9
What is the hundreds digit of (-173034)/(-42) - 88/(-77)?
1
What is the units digit of ((-11)/((-231)/14))/((-14)/(-125958))?
8
Let n(j) = 60*j**2 + 3*j - 2. Suppose 43*p - 6 = 45*p. What is the units digit of n(p)?
9
Let f(w) = 5*w - w**3 + 4*w + 6*w**2 + 8 + 0*w**3. Let z(d) = -d**2 - 2*d + 779. Let s be z(-29). What is the hundreds digit of f(s)?
1
Let j be 12*(129/(-6) + -1). Let t = j + 161. Let u = t - -137. What is the units digit of u?
8
Let f be -44*(51/(-12) - -4). Let d(k) = 7*k - 71. Let u be d(f). Let w(r) = 7*r**2 + 38. What is the tens digit of w(u)?
9
Let c(a) = -2*a**3 - 21*a**2 - 102*a - 56. What is the thousands digit of c(-17)?
5
Let w(o) = -2*o - 71. Let s(b) = b - 1. Let r(u) = 3*s(u) - w(u). Let f be r(-12). Suppose q - 212 = -2*q + a, -4*a = f. What is the units digit of q?
0
Suppose -31*y + 33*y - 10 = 0. Suppose -y*a + 657 = -608. What is the units digit of a?
3
Suppose -2*v + 3509 = 5*s, 3*v + 4*s - 308 = 4966. What is the units digit of v?
2
Let y(b) = -b**3 + 15*b**2 - 5*b + 12. Let c be y(8). Let f = 138 + c. What is the hundreds digit of f?
5
Suppose -2*u = -u - 3, -1294 = 5*c + 2*u. Let k = -213 - c. What is the tens digit of k?
4
Let z(l) = 3*l + 26. Let f be 8/12 - 50/(-6). Let t be z(f). Let v = t + 14. What is the units digit of v?
7
Suppose -2135 = 4*j - 4*g - 10855, -3*g = j - 2168. What is the hundreds digit of j?
1
Suppose v + 3*g = -9, -v - g - 9 = -0*v. What is the tens digit of 34/(-153) + (-2684)/v?
9
Let a be (-4)/6 - (-206)/3. Suppose -57*w + 4950 = -147*w. Let q = w + a. What is the tens digit of q?
1
What is the tens digit of 25324325/1809 + 6/(-81)?
9
Suppose -29163885 = -67*h + 49*h - 327*h. What is the hundreds digit of h?
5
Suppose 19*d + 159874 = 62*d. What is the hundreds digit of d?
7
Let b(s) = 4*s**3 + 7*s**2 - 5*s - 7. Suppose -q - 2 = 2*z - 17, 0 = -4*z + 5*q - 5. What is the hundreds digit of b(z)?
6
What is the hundreds digit of 73259655/3773 + 4/22?
4
Suppose 316*o = 362*o - 233634. What is the thousands digit of o?
5
Let q(a) = 595*a - 87. Let k be q(7). Suppose 8*d = 2090 + k. What is the tens digit of d?
7
Suppose -3*z + 2*h + 49333 = 0, 0 = z + h - 1665 - 14771. What is the thousands digit of z?
6
Let u = 58 - 101. Let s = u - -41. Let a = s - -95. What is the units digit of a?
3
Let o(f) = -2*f + 19. Let k be o(10). Let a be 28 + 1 + k/1. Suppose 4*n - a = 4*y, 0 = n - 2*n - y + 7. What is the units digit of n?
7
What is the tens digit of (7/(63/(-12)))/(((-204)/32094)/17)?
6
Suppose 477*r + 846447 = 498*r. What is the ten thousands digit of r?
4
Suppose -4*w = 2*g - 12, 2*g = -4*w - 3*g. Suppose 138*s = -4*y + 141*s + 2080, -w*y = 2*s - 2600. What is the units digit of y?
0
Let i(g) = g**2 + 6*g**2 + 11 - 9*g - 1. Suppose -54*u = -67*u + 52. What is the units digit of i(u)?
6
Let l be 16 + 1 - (-10 - -13). Suppose -l*o - 20 = -19*o. What is the units digit of 614/o + 9/(-6)?
2
Let f = 147 - 139. What is the tens digit of (f - 2) + 91 - 6?
9
Let x(s) = -3*s + 16. Let n = 125 + -121. Let j be x(n). What is the units digit of (-128)/192*-3*262/j?
1
Let d be 2/4*-11*-2. Let v be 0/(-4 + (-4 - -3)). Suppose p - d = -4*c + 113, v = 2*p - 2*c - 288. What is the tens digit of p?
4
Suppose 2*z + 22 = 4*u, -2*u = 5*z - 7*u + 30. Let h be 20/30*6/z. Let v(s) = 8*s**2 + 9*s + 4. What is the units digit of v(h)?
6
Let m(v) = v**3 - 5*v**2 - 13*v + 17. Let a be m(7). Suppose 0 = -a*t + 4*t + 9360. What is the tens digit of t?
6
Suppose -3*g - c + 49 = 0, -30 = -3*g + g - 2*c. Suppose 0 = g*w - 6*w - 110. What is the units digit of w?
0
Let r(o) = o**3 + 13*o**2 + 40. Suppose 62 = -5*i + x, 32 = -2*i - x + 10. What is the units digit of r(i)?
4
Let g(q) = -224*q**2 + 1747*q - 15. What is the thousands digit of g(5)?
3
Suppose -d + 2*t + 228 = -324, 0 = 4*d - 3*t - 2188. Suppose 5*b - 159 = -2*m + d, 3*b - 353 = -m. What is the units digit of m?
4
Let j(q) = q**2 + 4*q - 3. Let u be j(-4). Let g be (-14)/(-21) - (-35)/u. Let t = g - -113. What is the tens digit of t?
0
Let l = -436 + 225. Suppose -5*x + 5*b + 625 = -3*x, -2*b = 5*x - 1577. Let p = l + x. What is the tens digit of p?
0
Let y(w) = -w**3 - 19*w**2 + 29. Let g be y(-19). Suppose 34*h = g*h + 2005. What is the tens digit of h?
0
Let w(r) = r + 23. Let c be w(-6). Suppose 3*u + 4*x - 100 = c, 0 = -4*u + 4*x + 156. What is the units digit of u?
9
Let a(o) = 14*o**2 - 12*o + 622. What is the units digit of a(28)?
2
What is the hundreds digit of (-26*(1 - 2))/(13/2210)?
4
Suppose t = -3*u + 20428, -u + t - 27239 = -5*u. What is the hundreds digit of u?
8
Let a = 1017 + 3439. What is the tens digit of a?
5
Let k = 56 + -20. Let q = 35 - k. What is the units digit of (-7)/14*(-85 + q)?
3
Let q = 17594 - 2789. What is the tens digit of q?
0
Suppose -6 + 18 = 6*c. Suppose 5*l - 6*s - 4455 = -c*s, 0 = 3*l - 2*s - 2673. What is the tens digit of l?
9
Let t = -56116 - -109813. What is the thousands digit of t?
3
Let p(x) be the first derivative of -625*x**2/2 + 2*x - 51. What is the units digit of p(-1)?
7
Suppose 4*f = -4*